
Suppose 3*v - 114 = v. Let u(l) = v - 31 - 5*l + l. What are the prime factors of u(-9)?
2, 31
Let w be (8/12)/((-4)/(-18)). Suppose 3*m - 5*g = 19, w*m - 3*g - 5 = 10. Let o(l) = 3*l**3 - 3*l**2 - 3*l + 2. What are the prime factors of o(m)?
47
Suppose 355554 - 464212 - 521654 = -24*l. List the prime factors of l.
26263
Let i(h) = h**3 + 32*h**2 - 26*h - 199. What are the prime factors of i(-18)?
5, 31
Suppose -t + 0*t = -15. Let m = 18 - t. Suppose -3*j - 139 = -3*p + 23, 4*j = -m*p + 176. What are the prime factors of p?
2, 7
Let d(j) = -j**3 + 14*j**2 + 13*j + 77. Let s be d(15). Let t = 87 + s. List the prime factors of t.
2, 67
Let r(z) = -217*z - 1977. Let g be r(-9). Let s(f) = -50 - 8*f - 4*f - 28. List the prime factors of s(g).
2, 3, 5, 7
Let d(x) = 19*x + 2. Let j be d(6). Suppose -228*h = -200*h + 3080. Let v = j - h. What are the prime factors of v?
2, 113
List the prime factors of 61/(0 + (-10)/(-290)).
29, 61
Let v = -82 - -246. Suppose -2*g + 4 = 0, -v = 2*m - 4*m + 2*g. Suppose 6 = 3*b, 5*z - m = 3*z + b. What are the prime factors of z?
43
Let c be ((-13)/(130/12))/((-2)/(-10)). Let n be (1 + -2)/(1/c*3). Suppose -5*o + n*o = -108. What are the prime factors of o?
2, 3
Let r(a) = 17*a - 6*a + 7 - 8*a - 4*a. What are the prime factors of r(-8)?
3, 5
Let c = 103 - 87. Suppose -c*s + 13022 = s. What are the prime factors of s?
2, 383
Let n(d) = d**3 - 14*d**2 + 9. Let u be n(14). Suppose -6*w + u = -9. Suppose -z + 41 = w. What are the prime factors of z?
2, 19
Let z(i) = i**3 - 27*i**2 + 15*i + 156. List the prime factors of z(32).
2, 1439
Let d(t) be the first derivative of 121*t**2/2 + 36*t + 164. What are the prime factors of d(4)?
2, 5, 13
Suppose 69*r - 74*r + 60 = 0. What are the prime factors of (16/r)/((-4)/(-1329))?
443
Let q(c) = -10*c**2 + 6*c - 2. Let g(s) = s**3 - s + 1. Let t(m) = -g(m) - q(m). Suppose -14 = -5*y + 31. List the prime factors of t(y).
37
Let b(i) = -5*i**3 + 18*i**2 + 9*i - 3. Let w(k) = 3*k**3 - 16*k**2 - 8*k + 4. Let f(c) = 2*b(c) + 3*w(c). What are the prime factors of f(-13)?
11, 23
What are the prime factors of 723/2*11536/309?
2, 7, 241
What are the prime factors of (-44198)/(-10) - 3/5*-2?
4421
Suppose -11*q = f - 17795, 183*f = 182*f + 2*q + 17873. List the prime factors of f.
53, 337
Suppose -43*a + 18*a + 29*a = 74080. What are the prime factors of a?
2, 5, 463
Let o be ((-9)/18)/(2/(-16)) - -116. Suppose 3*v = -5*v + o. List the prime factors of v.
3, 5
Let h = 10720 + 2595. What are the prime factors of h?
5, 2663
Let k(x) = -x**2 + 26*x - 24. Let a be k(20). Suppose -t - a = -4*i, -11*i - 88 = -15*i + 3*t. List the prime factors of i.
5
Suppose 21 + 451 = 8*j. Let d = 60 - j. What are the prime factors of (-2 + 56)/(d - -1)?
3
Suppose 0 = 3*c - 2*c - 5*t + 18, 0 = -2*c + 3*t - 8. List the prime factors of (c - 17)/(((-18)/75)/6).
3, 5
Let r be (-3*(-10)/15)/(-2). Let c(j) = -951*j**3 + j**2 + 4*j + 3. What are the prime factors of c(r)?
3, 317
Let g = -2785 - -1823. Let m = g + 1161. What are the prime factors of m?
199
Suppose -43*x + 1103 = -2122. List the prime factors of (15 + 16/2)*x.
3, 5, 23
Suppose -99*q = -96*q + 2241. Let k = -316 - q. What are the prime factors of k?
431
List the prime factors of 7/(-35)*(-266754 - 11).
53353
Let o = 18611 + -5457. List the prime factors of o.
2, 6577
Let c(k) = 2*k**2 - 16*k + 32. Let y be c(7). What are the prime factors of (-4)/(-18) - 1/(y/(-3110))?
173
Let j(u) = -9*u**2 + 8*u + 1. Let c be j(-1). What are the prime factors of (-554)/(-1) - 8/c*6?
557
Suppose 25*n = 179 + 1321. List the prime factors of 4/60 + 23276/n.
2, 97
Let m(y) = 8*y**2 + 78*y + 502. List the prime factors of m(-6).
2, 7, 23
Let s(c) = c**2 + 70*c + 296. What are the prime factors of s(-85)?
1571
Let l(h) = -h**3 + 10*h**2 + 25*h - 11. Let p be l(12). Let w be 40/7 + p + 28/98. What are the prime factors of ((-108)/w)/(38/(-133))?
2, 3
Let q be (26/14 - 1)/((-1)/(-3017)). Suppose -3*d - 295 - 1776 = -4*o, -q = -5*o + d. List the prime factors of o.
11, 47
Let x(m) = -2096*m - 3775. What are the prime factors of x(-8)?
3, 61, 71
Let c(x) = 69*x**2 - 48*x + 1. List the prime factors of c(10).
6421
Suppose 0 = 4*l + 563 - 723. Suppose 79*u - 4680 = l*u. What are the prime factors of u?
2, 3, 5
Let x = 1228 - 669. Let p = x - 284. List the prime factors of p.
5, 11
Let w be (-7 - -5) + (-196)/(-8)*6. Suppose 227 = x - w. What are the prime factors of x?
2, 3, 31
Let b = -12760 + 16980. List the prime factors of b.
2, 5, 211
What are the prime factors of 134*-159*(-153)/(-270)*-5?
17, 53, 67
Let d = 364 + 1806. List the prime factors of d.
2, 5, 7, 31
Let o = 48 + -6. Let f be (-189)/o*4*(18 - 0). Let k = -223 - f. What are the prime factors of k?
101
Let r(z) = 36*z**3 - 3*z**2 - 12*z + 1. What are the prime factors of r(6)?
71, 107
Let c = -6170 + 26521. List the prime factors of c.
47, 433
Let i(w) = w**2 + 5*w - 367. Let a be i(-36). Let c = a + -520. List the prime factors of c.
229
Suppose -6*s = -s - 4*q - 575, q = 2*s - 230. Suppose 0 = -2*h + 5*g + 64 + s, -4*h + 393 = -3*g. Let l = h - 51. What are the prime factors of l?
3, 17
Let j be 0*(-3)/(-3) + 2 + 7. Suppose -j*i = -0*i. Let b(g) = -4*g + 154. List the prime factors of b(i).
2, 7, 11
Let m(x) = -x**3 - 22*x**2 + 4. Let n be m(-22). Let u be (2/4 + -1)*(n - 0). What are the prime factors of ((-22)/4 - u)/((-4)/72)?
3, 7
Let v = 36732 - 6651. What are the prime factors of v?
3, 37, 271
Suppose 7*v - 2589 - 3851 = 0. Suppose -186 = -2*w + v. List the prime factors of w.
7, 79
List the prime factors of 2/((390/(-10447255))/((-3)/7)).
22961
Let m(y) = y - 5. Let j be m(11). Let l(z) = -3*z**2 + 7*z + 42. Let f(s) = -s**2 + 2*s + 14. Let v(q) = -11*f(q) + 4*l(q). List the prime factors of v(j).
2, 7
Suppose -75 = -11*b - 20. Suppose -t + b*x = -0*x - 77, 3*x - 3 = 0. List the prime factors of t.
2, 41
Let r be (2/3)/((-6)/(-45)). Let g(w) = w**3 - 5*w**2 - 23*w + 50. Let o be g(11). Suppose -o = -r*u - 158. List the prime factors of u.
73
Let p = 3 - 0. Let y be (5 + -4)*(15714/9)/9. Suppose y - 26 = p*u. List the prime factors of u.
2, 7
Let w be (-1)/2*5*(-108)/90. Suppose 4 - w = -n. List the prime factors of (-19 - -17) + (-1 - n - -22).
2, 5
List the prime factors of 97752/60 + (-30)/25.
2, 11, 37
Suppose 4*g - h = -4, -h - 3 = -8*g + 11*g. Let f be g/(-5) - 2/(2 - -8). Suppose f*l = -5*l + 2*b + 209, 2*l = -2*b + 92. What are the prime factors of l?
43
Let p(i) = -59*i**3 - 60*i**2 - 19*i - 28. What are the prime factors of p(-7)?
2, 7, 11, 113
Suppose -15*k + 16 = -13*k. Suppose 35 = k*c - 277. List the prime factors of c.
3, 13
What are the prime factors of ((-2)/(-6))/(1/72444)?
2, 6037
Let h = 1414 + 1565. List the prime factors of h.
3, 331
Let p(i) = -7*i + 82. Suppose -230 = -5*l - h, 3*l + h = 6*h + 110. Suppose -297 = 19*z + l. What are the prime factors of p(z)?
2, 13
Suppose y = 45*t - 44*t - 5786, 0 = -4*y - 8. What are the prime factors of t?
2, 3, 241
List the prime factors of 18/(-486) + 412888/108.
3823
What are the prime factors of ((-4 + 3)/(-1))/((-128161)/(-32040) - 4)?
2, 3, 5, 89
Suppose -4*r = l + 2*l + 9, 0 = 4*r - l + 13. Let d be (-51)/(-21) + r + 423/(-7). Let p = d + 138. What are the prime factors of p?
7, 11
Suppose -2*g = 5*f - 54, -2*f - 3*g + 27 = -4*g. Suppose 2*q + q = -f. List the prime factors of q/(-8)*(0 + 31 + -1).
3, 5
Let c = -9 - -17. Suppose -l + 63 = -c. Suppose -d = -3*w - 82, -3*w - 169 = -3*d + l. List the prime factors of d.
79
Let x be (-1)/(-4) + (3 - 756/16). Let v be (6/48)/((-2)/x)*92. Suppose t = v - 86. What are the prime factors of t?
167
Suppose -3*y - 3*r = -0*r - 2217, 4*r - 742 = -y. Suppose -3*v = -6, 5*p + 2*v - y = 316. List the prime factors of p.
2, 3, 5, 7
Let c(n) = -n**3 + 10*n**2 - 4*n - 9. Let l be c(10). Let k = 356 - l. List the prime factors of k.
3, 5
Let q(g) = 2*g**3 + 28*g**2 - 10*g - 37. Let m be q(-14). Suppose 96*r = m*r - 3178. What are the prime factors of r?
2, 227
Let w be 2*(-214)/8*(-2)/1. Let a = w + 27. Let i = a + -97. List the prime factors of i.
37
Let x(s) = -80*s**2 + 5*s - 2. Let o be x(2). Suppose -3*w + 228 = 870. Let m = w - o. List the prime factors of m.
2, 7
Let x(j) = -3*j + 1. Let p be x(2). Wh